pose -637 = -n*m - w, -2*m + 424 = w - 0*w. Is m a prime number?
False
Let m = 10142 + 5101. Is m prime?
False
Suppose -t = -4*t. Let p(v) = -2 + t*v**3 + v**3 - 3*v**3 + v**3 + 16*v + 12*v**2. Is p(13) a prime number?
True
Is ((-24)/(-72))/((4/(-2082))/(-2)) a composite number?
False
Let f = -240 - -335. Is f a prime number?
False
Let o = 55 + 110. Let k(z) = -z**2 - 30*z - 50. Let q be k(-24). Let x = o - q. Is x a prime number?
True
Is (-77)/22*3*34422/(-63) prime?
True
Let b(k) = 156*k**2 - 6*k + 5. Is b(-2) prime?
True
Is 1166/18 + 9/((-243)/(-6)) a composite number?
True
Let c be -3*(-1 + (-2 - -2)). Suppose 0*a = -c*a + 201. Is a prime?
True
Suppose f - d + 5 = -4, -2*d = -3*f - 22. Let x = f - 2. Is 113 - 3/(x/(-8)) a composite number?
False
Suppose -m - 4*r - 28 = 3*m, 3*m - 9 = 3*r. Let c be (-132)/(-32) + m/16. Suppose 0*t + 3*t + 84 = c*y, 5*t - 84 = -4*y. Is y a composite number?
True
Let t(x) = 39*x + 320. Is t(19) composite?
False
Let c(s) be the first derivative of 10*s**2 + s - 5. Let w = 22 - 14. Is c(w) a prime number?
False
Let z(n) = 27*n**3 + 5*n - 4. Let a be z(-3). Let w = 1 + -10. Is (a/6)/(6/w) a composite number?
True
Is 139964/(-66)*(1 - (-10)/(-4)) prime?
True
Is 2 + (173805/(-5))/(-3) a prime number?
False
Let y(p) be the second derivative of 7*p**5/10 - p**4/3 - p**3/2 + 9*p**2/2 - 6*p. Is y(4) composite?
False
Let j = 260 - 222. Is j prime?
False
Suppose 11*m + 35990 = 125431. Is m a composite number?
True
Let o(v) = 2*v**3 - 2*v**2 - v + 5. Let b be o(-3). Suppose -3*h - 246 = -2*k, 0*h + 3*h = -12. Let w = k + b. Is w a prime number?
True
Suppose -m + 850 = 3151. Let y = m - -5690. Is y a prime number?
True
Let j(f) = -f**2 + f + 1. Let g(s) = -4*s**2 - s + 20. Let d(p) = g(p) - 5*j(p). Is d(-8) composite?
False
Let j = -15663 + 25670. Is j prime?
True
Let p(w) = -6*w + 3*w + 2*w + 332*w**2 - 2 + 42*w**2. Is p(-1) a prime number?
True
Let y(m) = 7*m - 4 - m**3 + 3*m**2 + 1 - 12*m. Let u be y(-5). Is (u/(-8))/((-1)/4) a prime number?
False
Is 139232/5 - (-15 - (-864)/60) prime?
True
Is 1*(-12)/(-8)*882066/9 prime?
True
Let h = 48 - 35. Let w(p) = -p**3 + 17*p**2 - 16*p - 19. Is w(h) prime?
True
Let w = -87 - -142. Let u = 196 + w. Is u composite?
False
Let b(m) = 9*m**2 + 6*m + 4. Suppose h = 4*j - 23, 4*j + 2*h - 12 = 26. Is b(j) composite?
False
Let x = 14 + -29. Let d = -5 - x. Suppose y - 5*b - 10 = 0, 2*b = 2*y - 50 - d. Is y prime?
False
Let l(q) = -q**3 + q**2 + 7*q + 29. Is l(-12) a prime number?
False
Let w(k) = k + 2. Let i be w(-4). Let n be -135*(i/(-6) + -1). Is n/8 - (-2)/(-8) a prime number?
True
Let p(v) = -60*v - 4. Let h(y) = -y - 14. Let g be h(-10). Let u be p(g). Let f = -133 + u. Is f composite?
False
Let r be -3 - ((0 - 1) + -2). Suppose r = x - 96 - 216. Let t = -206 + x. Is t prime?
False
Let p(r) = -20*r + 9. Let c(k) = 65*k - 32. Let q(s) = -43*s + 21. Let f(g) = 5*c(g) + 8*q(g). Let y(o) = -3*f(o) + 2*p(o). Is y(5) prime?
True
Let y(m) = -m - 7. Let d be y(-7). Let j be (-6)/4*164/(-3). Suppose 0 = 4*n + 2*w - d - j, -n + 25 = 2*w. Is n composite?
False
Let h(q) = 2*q**2 + 3*q + 1. Let l be h(4). Suppose -2*f - l = -f. Let g = -23 - f. Is g a composite number?
True
Let i(k) be the third derivative of k**5/60 + k**4/3 + 4*k**3/3 + k**2. Suppose 27 = 3*x - 0. Is i(x) composite?
True
Suppose 3*d = d + 1036. Let j = 282 - d. Let s = -117 - j. Is s composite?
True
Let x(c) = 13*c**2 - 2*c - 2. Let q(z) = -3*z + 3. Let y(p) = 2*p - 2. Let s(f) = 5*q(f) + 6*y(f). Let m be s(2). Is x(m) a prime number?
False
Let l be (0 - 30/9)/((-8)/12). Suppose l*x = 3*c + 5441, -3*x + 0*c + 3263 = -c. Is x a prime number?
True
Let w(r) be the third derivative of -17*r**4/8 + 5*r**3/6 + 8*r**2. Is w(-11) prime?
False
Is (5 - 46383)*-1*2/4 composite?
False
Let j be 1/2*(-20)/5. Let q be 5/((-15)/(-6)) + j. Suppose q*c - 74 = -2*c. Is c a prime number?
True
Let m = 19 + -10. Suppose m*h + 10 = 8*h. Is (-216)/h - 4/(-10) prime?
False
Let j = 34356 - 7157. Is j a prime number?
False
Suppose 12503 = -16*n + 251911. Is n composite?
True
Let u(z) = -z + 9. Let w = 122 + -64. Suppose -4*c - 3*v - w = 0, 6*c - 2*v + 22 = 4*c. Is u(c) prime?
False
Suppose s = h + 4804 - 29161, 5*h - 121803 = -4*s. Is h composite?
False
Suppose -2*i + 1616 = -19794. Is i prime?
False
Let h(u) = -4*u - 1. Let d = -70 + 61. Is h(d) a prime number?
False
Let a = 11 - 6. Suppose a*l + 778 = -377. Let z = -40 - l. Is z a prime number?
True
Let s(o) = o**2 - 13*o + 115. Is s(24) prime?
True
Suppose -5*j - s + 14218 = 2*s, -s = 4. Is j a prime number?
False
Let q(z) = 10*z**2 - 18*z + 125. Is q(36) composite?
False
Let y(l) = l**2 - 8*l + 14. Let v be y(6). Let d be (4 - v)/(0 + -1). Is (0 - -2) + (-850)/d prime?
False
Suppose 4*n - 5*j = 20136, -12*j + 7*j + 20 = 0. Is n a composite number?
False
Let f(n) = -1739*n + 818. Is f(-15) prime?
True
Let j = 254 + -175. Is j a prime number?
True
Let f = -347 - -707. Suppose w = f - 26. Is w a composite number?
True
Suppose -3*k + 7 = n, -4*k + 2*k + 3*n = 10. Suppose 3*o - 2*g = -k, g + g - 2 = 2*o. Is (-1)/(o/3) + 12 composite?
True
Suppose 5*o + 150455 = 5*d, -3*o = -5*o - 4. Is d a prime number?
True
Let h = 3926 + 3187. Is h prime?
False
Let d(k) = 7*k**2 + 2*k + 20. Is d(17) a prime number?
False
Let v(l) be the third derivative of 135*l**4/4 + 11*l**3/2 - 33*l**2. Is v(3) a prime number?
False
Let s be (8/6)/((-1)/3). Let x(j) = 8 - 4*j**3 + 1 + 4*j**2 - 8 - 2*j - 1 + 1. Is x(s) a composite number?
True
Let y(z) = -z + 24. Let m be y(-8). Let v = 2 + m. Is v a composite number?
True
Let w be (-2)/(-6)*(4 + (-51)/(-3)). Suppose -w*b + 632 + 1671 = 0. Is b composite?
True
Let l be ((-1 - 0) + -1)*32. Let o = -22 + 90. Is -3 - o/8*l a prime number?
True
Suppose 2*n - 850 = -2*v - 3*n, v + 5*n = 430. Let s = v - 203. Is s prime?
False
Suppose -2*i + 0*i = 36. Is (-12)/i*4365/6 prime?
False
Suppose 7*s = -20515 + 72266. Is s a prime number?
True
Let v(b) = -2*b + 16. Let h be v(7). Suppose -511 = -2*w + 3*y, 0*y = 5*w + h*y - 1268. Is w*-4*4/(-32) a prime number?
True
Let h(i) = 247*i**2 + 3. Let l be 5 + ((-20)/5 - -1). Is h(l) a prime number?
True
Is ((-8)/(-4))/1 - -2127 prime?
True
Let h be (-7)/((-21)/6) + 1. Suppose 0 = 3*j + h*f - 21, -j + 23 = 6*f - f. Suppose -j*c + 399 = -219. Is c a composite number?
True
Suppose 3*s - 987 = 3*p, 0 = -s - 0*p - 4*p + 334. Let n = 1865 - s. Is n a composite number?
True
Suppose -11*j = -39776 + 715. Is j a prime number?
False
Is ((-254)/4)/(1/(-358)) composite?
True
Let x = 275 - -594. Suppose -5*b + x + 5376 = 0. Is b a composite number?
False
Suppose -616*i + 610*i + 62838 = 0. Is i composite?
True
Is 55758/9*(33/(-2))/(-11) prime?
True
Suppose 340634 = 11*a + 3*a. Is a a composite number?
True
Let s be 10/((-2)/(-4*101)). Let v = -9 + 9. Suppose 4*q = -v*q + s. Is q prime?
False
Let h = -4 - 8. Let k = 17 + h. Suppose k*m - 548 - 407 = 0. Is m a prime number?
True
Let k = 11086 - 4805. Is k composite?
True
Let b = -20 - -18. Let u be -4 + 9 + b + 5. Is 51*2/u*4 a composite number?
True
Suppose -a - 5677 = -2*l + 2*a, -3*l - 3*a + 8478 = 0. Suppose -5088 = -5*m + 4*g + l, 0 = -2*m + g + 3167. Is m composite?
False
Let m(s) = s**3 + 12*s**2 - s - 9. Let u = 5 + -17. Let g be m(u). Suppose g*v = -2*v + 1195. Is v prime?
True
Suppose 2*i - 11 = -3*a + 29, 3*a - i = 25. Let g(c) = c**3 - 5*c**2 - 11*c - 19. Is g(a) a prime number?
False
Suppose -2*d + 4366 = 4*k, 5*d - 10422 = -4*k + 481. Is d a composite number?
False
Let j(x) = -56*x - 27 + 4 + 4. Is j(-10) composite?
False
Let y = 11289 + -3497. Suppose 2*r - 2159 - 1735 = d, 4*r - y = d. Is r a prime number?
True
Suppose 3*a - 3 = -2*t + 4, 4*t + a = 19. Suppose 0 = -2*w - t*y + 82, 0*y = w + 4*y - 44. Is 42*3/w*4 a prime number?
False
Let f(x) = -775*x - 7. Let z(l) = 775*l + 8. Let p(m) = 4*f(m) + 5*z(m). Let k be p(-10). Is 42/147 + k/(-14) prime?
False
Suppose -26353 = -24*x + 86423. Is x a prime number?
False
Suppose 2 = 2*k - 6. Let z be (-1 - (3 - k)) + 6. Suppose -b + 15 = z. Is b composite?
True
Suppose 5*q - 2*q = -4*r + 151, -3*r + 12 = 0. Let y be (-4)/(-10)*q/3. Is y/10 + 304/10 prime?
True
Let k = 170 + 225. Let f = 193 + -183. Suppose -5*l - k = -f*l. Is l composite?
False
Suppose